1. Let m = -9 + 18. What is the highest common factor of m and n?
9
Suppose -w = 2*p + 390, -2*p + w - 580 = p. Let x be p/(-6) + (-5)/15. Suppose 16 + 16 = 4*j. Calculate the highest common divisor of j and x.
8
Let l(g) = g**2 - 7*g. Let t be l(7). Suppose t = -13*b + 9*b - 52. Let h = b - -15. What is the highest common divisor of 14 and h?
2
Suppose 4*v + d + 3*d = 24, 0 = 4*v + 5*d - 21. What is the highest common divisor of 33 and v?
3
Let g = 1332 + -721. Calculate the highest common factor of g and 13.
13
Let u(p) = -6*p - 4. Let o(f) = f + 6. Let g be o(-10). Let b be u(g). Calculate the greatest common factor of b and 5.
5
Suppose -21*v = -13*v - 56. What is the highest common factor of v and 287?
7
Let z = -115 + 73. Let a be (-196)/z*12/14. What is the greatest common factor of a and 4?
4
Suppose -q + 20 = 3*k - 100, -5*k + 200 = -q. Let p be (-2)/(-7) - -69*8/28. What is the highest common factor of p and k?
20
Let i(x) = 33*x. Let f(u) = 8*u - 1. Let a(j) = -4*f(j) + i(j). Let b be 2/(-5) - (-42)/5. Let n be a(b). What is the highest common divisor of 108 and n?
12
Let c(n) = -307*n - 129. Let x be c(-5). Calculate the highest common factor of x and 19.
19
Suppose 97 + 47 = 8*m. Calculate the highest common factor of m and 81.
9
Let p = -4 + 28. Let k be p/15*15/6. Let a be ((-51)/6)/((-2)/k). Calculate the greatest common factor of 85 and a.
17
Let w = 1158 + -1156. Calculate the greatest common factor of w and 556.
2
Let n = 253 - 229. What is the greatest common factor of 744 and n?
24
Let g = 1554 - 1523. What is the greatest common divisor of g and 1798?
31
Let w = 14 - 9. Suppose 0 = -w*f + 2*d + 26, -2*f + 2*d = -2*d - 4. Calculate the highest common divisor of 2 and f.
2
Let l(g) = -19*g - 173. Let q be l(-23). What is the highest common factor of q and 96?
24
Suppose g - 3 = 2*y, -5*y - 2*g - 35 = -14. Let h = y - -19. Suppose -2*i - 8 = -4*r, -3*i - 2*r + 21 = 3*r. What is the highest common factor of i and h?
2
Let n be (-40)/(-220) - (-471)/11. Suppose 4*c = -5*t + n, -3*c + c = 6. What is the highest common factor of 55 and t?
11
Let b(m) = 19*m**2 - m + 4. Let n be b(2). Calculate the highest common divisor of n and 130.
26
Suppose 6*q = -129 + 135. Let l be q/(6/1455) + 8/(-16). Calculate the greatest common divisor of 22 and l.
22
Let z be (-2 - 46)/(-1) + (-13 - -10). Calculate the greatest common divisor of z and 189.
9
Suppose -25*t + 32*t - 133 = 0. What is the highest common factor of t and 3?
1
Let i = 277 - 106. Let r(x) = x**3 + 10*x**2 - 12*x + 8. Let w be r(-11). Calculate the greatest common factor of w and i.
19
Suppose -5*r - 280 = -12*r. Let f = r - 4. What is the highest common divisor of 72 and f?
36
Let n be ((-7)/(-4))/((-25)/(-200)). Calculate the greatest common factor of 133 and n.
7
Let l be (1/1)/1*153. Let y be 8/(-2) - 28/(-7). Suppose y = -4*h + h + l. What is the highest common factor of 34 and h?
17
Let l(w) = w**3 + 16*w**2 + 15*w + 1. Let r be l(-15). Let s be (-6)/14 - 861/49. Let t = s + 26. What is the highest common factor of r and t?
1
Let j(i) = 11*i**2 + 3*i + 18. Let b be j(6). Calculate the greatest common divisor of 27 and b.
27
Suppose -164 = -6*m + m - 2*z, -4*m - 5*z + 121 = 0. Suppose -u + 4*u - 69 = 0. Let w = 62 + u. What is the highest common factor of m and w?
17
Let s be (1 + -6)*45980/(-550). What is the greatest common divisor of 66 and s?
22
Let x = -124 + 220. Suppose 0 = 3*b - q - 38, -3*b - 4*q + 19 = -9. Calculate the greatest common factor of x and b.
12
Let x be (21 + -4)/(2 - 1). Let o = -76 - -57. Let m(u) = -u**3 - 18*u**2 + 13*u + 22. Let s be m(o). What is the highest common factor of x and s?
17
Let y be 1 + (-1)/((-4)/(-8)). Let s = y - 3. Let a be 17 + 1/(-4)*s. What is the greatest common factor of 6 and a?
6
Let i be 8536/(-154)*(-7)/2. Calculate the highest common factor of i and 679.
97
Let a be (-5026)/(-18) - (-6)/(-27). Suppose -93 = -24*d + 21*d. What is the highest common factor of d and a?
31
Suppose 4*w + 5*b - 8 = 19, 0 = -5*w - 2*b + 21. Calculate the highest common factor of 6 and w.
3
Let p(f) = 5*f**2 - 4*f**2 - 20*f + f**2 + 2*f**2. Let t be p(6). What is the greatest common divisor of 8 and t?
8
Let u = -162 - -277. Suppose -2*c - 3*y = -302 - u, -4*c + 874 = -2*y. What is the greatest common divisor of 8 and c?
8
Let w = -1258 - -2771. Calculate the highest common divisor of w and 17.
17
Suppose -48*s = -18697 - 26663. Calculate the greatest common factor of 35 and s.
35
Suppose 29*s - 1200 = 21*s. Calculate the highest common divisor of s and 6.
6
Let o = 61 + -29. Let h be 0 + (o - 4/2). What is the highest common factor of 12 and h?
6
Let h be 27/((-2 + 1)/(-1)). Suppose -9*u - 3150 - 981 = -26*u. What is the highest common divisor of h and u?
27
Suppose -q - 6*q - 70 = 0. Let z(f) = -4*f - 8. Let m be z(q). Calculate the greatest common divisor of 4 and m.
4
Suppose 5*c = 4*c + y + 8, y + 60 = 5*c. Suppose -3*h - 17 = -4*r, h = -2*r - 2 + c. What is the greatest common divisor of 35 and r?
5
Suppose j - 120 = -11*j. Calculate the greatest common divisor of 5 and j.
5
Suppose 82*w - 129*w + 1645 = 0. Calculate the highest common factor of 20 and w.
5
Let z(h) = -h**3 + 13*h**2 - 30*h + 18. Let m be z(9). What is the highest common factor of 264 and m?
24
Let q(w) = -10*w**3 - 6*w - 5. Let c be q(-1). What is the greatest common factor of c and 253?
11
Let p be -2*(-1)/(4/14). Let w = 500 - 437. What is the highest common factor of w and p?
7
Let t = -330 - -366. What is the highest common divisor of t and 45?
9
Let j(h) = h**3 + 13*h**2 + 12*h - 10. Let r be j(-11). Let o be (2/4)/(1/74) + 3. What is the greatest common factor of o and r?
20
Let x(v) = -2*v**3 - 19*v**2 - 15*v - 28. Let t be x(-9). Calculate the greatest common divisor of 234 and t.
26
Suppose 1 - 10 = -b. Let l = b - -1. Suppose -850 = -16*k - k. Calculate the greatest common factor of k and l.
10
Suppose -66*t + 429 = -53*t. What is the greatest common factor of 165 and t?
33
Suppose 2*z - 10*o + 8*o - 26 = 0, o + 31 = 2*z. Let x be 1*2/3*9. Suppose -54 = 3*j - x*j. Calculate the greatest common factor of z and j.
18
Suppose -102 = -4*n + 2*z, 5*n + 5*z - 45 - 105 = 0. What is the highest common divisor of 540 and n?
27
Let w = -11 + -14. Let x = w + 65. Calculate the greatest common divisor of 8 and x.
8
Let o(c) = c**3 + 8*c**2 - 5*c + 4. Let x be o(-8). Let r be (-10)/6*36/(-15). Calculate the highest common divisor of r and x.
4
Let a(l) = l**2 - 16*l + 15. Let i be a(15). Let r be 16 + 10/(5 + i). Calculate the greatest common divisor of 162 and r.
18
Let c be 64/5*5/2. Suppose -4*w = 2*p - c, -3 = -2*p + 4*w - 11. What is the highest common divisor of 15 and p?
3
Let h = 28 + -23. Suppose -u + h*u = 4. Calculate the highest common factor of u and 9.
1
Suppose -2*f - 5*j = -37, 9 = 3*j - 6. What is the highest common divisor of 498 and f?
6
Let m(i) = -16*i**2 - 3*i + 3. Let t be m(1). Let b = 23 - -5. Let q = b + t. What is the highest common factor of 8 and q?
4
Let m(i) = -3*i**3 - 16*i**2 + 31*i + 191. Let x be m(-9). Calculate the highest common factor of x and 11.
11
Suppose -17*m + 1440 = -2*m. Calculate the highest common factor of m and 168.
24
Let l be (-200)/15*((-18)/8 + 0). Suppose -14*z - l = -19*z. Calculate the greatest common factor of z and 42.
6
Let d = 13 + 5. Calculate the highest common divisor of d and 558.
18
Let n be (-2)/(4*4/(-40)). Let y be (-14 + -2)*((-55)/2)/n. What is the highest common divisor of 8 and y?
8
Let s(i) = i**3 - 4*i**2 + 3*i + 3. Let q be s(3). Suppose -3*o - 3*j = -57, -q*o = j - 31 - 28. What is the greatest common divisor of 50 and o?
10
Let o = -3510 + 3548. Let b = -2 - -4. Calculate the highest common factor of o and b.
2
Let g = 10 + -5. Suppose g*d + 159 = -91. Let o be (8/(-10))/(4/d). Calculate the greatest common divisor of 10 and o.
10
Let o(y) = y**2 - 12*y + 14. Let b be o(11). Let t be (-4)/(24/(-14))*b. What is the greatest common factor of t and 14?
7
Let r be (-10)/120 + (-757)/(-12). What is the greatest common divisor of 336 and r?
21
Let p = 839 + -597. Let a = p - -31. Suppose -a = -2*j + 3*g, 5*j - 3*g = -4*g + 657. What is the highest common divisor of 12 and j?
12
Let i = 1062 + 